of 19 and 912?
19
What is the greatest common divisor of 3 and 51?
3
Calculate the highest common factor of 22050 and 28.
14
Calculate the greatest common factor of 2277 and 1287.
99
Calculate the greatest common factor of 56 and 80.
8
What is the highest common divisor of 116 and 986?
58
Calculate the greatest common factor of 23344 and 16.
16
What is the highest common divisor of 85 and 51?
17
Calculate the highest common factor of 27 and 1098.
9
What is the highest common factor of 20 and 52?
4
What is the greatest common divisor of 169 and 13?
13
Calculate the greatest common divisor of 6463 and 23.
23
What is the highest common factor of 13920 and 32?
32
Calculate the highest common factor of 81 and 8343.
81
Calculate the highest common divisor of 66 and 6.
6
Calculate the highest common divisor of 48 and 640.
16
Calculate the greatest common divisor of 55 and 24629.
11
What is the greatest common factor of 196 and 1750?
14
What is the greatest common divisor of 4460 and 60?
20
Calculate the highest common divisor of 115 and 11155.
115
Calculate the greatest common divisor of 102 and 102.
102
Calculate the highest common factor of 1772 and 4.
4
Calculate the highest common divisor of 15179 and 86.
43
What is the highest common factor of 2224 and 417?
139
Calculate the highest common divisor of 56 and 252.
28
What is the highest common factor of 1106 and 316?
158
What is the greatest common factor of 142 and 1775?
71
Calculate the highest common divisor of 11 and 352.
11
What is the highest common divisor of 216 and 96?
24
What is the highest common divisor of 12 and 276?
12
Calculate the highest common divisor of 176 and 11.
11
Calculate the greatest common divisor of 80 and 60.
20
Calculate the greatest common divisor of 124 and 40.
4
What is the highest common divisor of 468 and 708?
12
What is the greatest common divisor of 125 and 12200?
25
Calculate the greatest common divisor of 9 and 30.
3
What is the highest common factor of 286 and 12298?
286
What is the greatest common factor of 336 and 7476?
84
Calculate the highest common divisor of 19 and 323.
19
What is the highest common factor of 102 and 30?
6
What is the greatest common divisor of 38 and 4997?
19
What is the highest common factor of 33 and 22?
11
What is the greatest common divisor of 91 and 217?
7
Calculate the highest common divisor of 244 and 61.
61
What is the highest common divisor of 32 and 1488?
16
What is the highest common factor of 10752 and 32?
32
Calculate the greatest common factor of 63 and 36.
9
Calculate the highest common divisor of 68 and 1139.
17
Calculate the greatest common factor of 1775 and 2201.
71
Calculate the highest common divisor of 518 and 14.
14
What is the highest common factor of 36 and 64?
4
Calculate the greatest common divisor of 544 and 5372.
68
Calculate the highest common factor of 446 and 4.
2
What is the greatest common factor of 45900 and 68?
68
What is the highest common factor of 12340 and 20?
20
Calculate the greatest common factor of 210 and 40.
10
Calculate the highest common divisor of 56 and 308.
28
What is the greatest common factor of 414 and 18?
18
What is the highest common divisor of 104 and 364?
52
What is the highest common divisor of 193 and 11?
1
What is the highest common factor of 189 and 49?
7
What is the highest common factor of 112 and 32?
16
What is the highest common factor of 72 and 1908?
36
Calculate the highest common divisor of 10 and 135.
5
What is the highest common divisor of 91 and 819?
91
What is the greatest common divisor of 64 and 24?
8
What is the greatest common factor of 1235 and 190?
95
Calculate the greatest common factor of 33 and 264.
33
Calculate the greatest common factor of 6 and 5286.
6
What is the highest common factor of 27 and 4?
1
Calculate the highest common factor of 232 and 29.
29
What is the greatest common divisor of 69 and 15?
3
Calculate the highest common divisor of 84 and 60.
12
What is the highest common divisor of 42 and 112?
14
Calculate the greatest common factor of 5489 and 11.
11
Calculate the highest common divisor of 775 and 25.
25
Calculate the greatest common factor of 3168 and 54.
18
Calculate the greatest common factor of 580 and 120.
20
Calculate the highest common factor of 1347 and 9.
3
Calculate the highest common divisor of 533 and 117.
13
Calculate the highest common divisor of 110 and 77.
11
What is the greatest common factor of 2921 and 254?
127
Calculate the highest common divisor of 1496 and 248.
8
What is the highest common factor of 54 and 1566?
54
What is the highest common factor of 248 and 13268?
124
Calculate the highest common factor of 95 and 38.
19
What is the highest common divisor of 36 and 33?
3
Calculate the highest common divisor of 275 and 55.
55
Calculate the greatest common factor of 2451 and 57.
57
Calculate the highest common factor of 132 and 2388.
12
What is the greatest common divisor of 46987 and 19?
19
What is the highest common factor of 83 and 9047?
83
What is the greatest common divisor of 224 and 406?
14
Calculate the greatest common divisor of 128 and 76.
4
What is the greatest common divisor of 22 and 1034?
22
Calculate the highest common factor of 336 and 189.
21
Calculate the highest common divisor of 36 and 228.
12
Calculate the highest common divisor of 6 and 5316.
6
Calculate the greatest common divisor of 21 and 24.
3
Calculate the highest common divisor of 2074 and 732.
122
What is the highest common factor of 26 and 2041?
13
What is the greatest common divisor of 7163 and 247?
247
Calculate the greatest common factor of 9797 and 101.
101
What is the greatest common factor of 20 and 500?
20
What is the greatest common divisor of 1900 and 300?
100
What is the highest common factor of 7 and 1589?
7
Calculate the greatest common factor of 377 and 1638.
13
Calculate the greatest common factor of 45 and 315.
45
What is the highest common factor of 9 and 63?
9
What is the greatest common divisor of 118 and 1239?
59
Calculate the highest common divisor of 248 and 806.
62
What is the highest common divisor of 104 and 20?
4
Calculate the highest common divisor of 280 and 686.
14
What is the greatest common factor of 3234 and 330?
66
Calculate the greatest common factor of 27 and 621.
27
Calculate the greatest common divisor of 25 and 3600.
25
What is the greatest common divisor of 3267 and 99?
99
Calculate the greatest common divisor of 878 and 6.
2
What is the highest common divisor of 11817 and 234?
117
Calculate the greatest common divisor of 231 and 336.
21
Calculate the highest common divisor of 2700 and 100.
100
Calculate the greatest common factor of 14 and 12.
2
Calculate the greatest common factor of 40 and 1280.
40
What is the highest common divisor of 77 and 18326?
77
What is the greatest common divisor of 437 and 368?
23
Calculate the greatest common divisor of 11520 and 45.
45
Calculate the highest common divisor of 20128 and 204.
68
Calculate the greatest common factor of 8 and 240.
8
Calculate the highest common divisor of 11 and 5.
1
Calculate the greatest common factor of 3133 and 39.
13
Calculate the highest common factor of 3200 and 50.
50
Calculate the greatest common factor of 89 and 3293.
89
What is the greatest common factor of 30 and 3105?
15
What is the highest common divisor of 1235 and 12597?
247
Calculate the greatest common factor of 184 and 115.
23
Calculate the greatest common factor of 5 and 365.
5
What is the greatest common divisor of 24 and 42?
6
What is the highest common factor of 22 and 550?
22
What is the highest common factor of 1390 and 60?
10
What is the highest common divisor of 10100 and 101?
101
What is the greatest common factor of 799 and 141?
47
What is the highest common factor of 176 and 55?
11
What is the greatest common factor of 12500 and 25?
25
What is the highest common divisor of 752 and 235?
47
What is the greatest common divisor of 7809 and 114?
57
Calculate the highest common factor of 115 and 2691.
23
What is the greatest common divisor of 90 and 63?
9
What is the highest common divisor of 384 and 296?
8
What is the highest common factor of 36 and 43038?
18
What is the highest common factor of 1537 and 371?
53
Calculate the greatest common factor of 3 and 141.